{"type":"video","version":"1.0","provider_name":"Network.hu","provider_url":"http:\/\/network.hu\/","title":"Elm\u00falt m\u00e1r k\u00e9t \u00e9ve annak - Peresztegi Gyula","author_name":"Izolda3","author_url":"http:\/\/network.hu\/Izolda3","html":"&lt;object width=&quot;424&quot; height=&quot;345&quot;&gt;&lt;param name=&quot;movie&quot; value=&quot;http:\/\/slagermuzeum.network.hu\/flash\/videoplayer\/video.swf?videoid=557805&amp;amp;pvol=40&amp;amp;plang=hu&amp;amp;host=http:\/\/slagermuzeum.network.hu&quot; \/&gt;&lt;param name=&quot;allowscriptaccess&quot; value=&quot;always&quot; \/&gt;&lt;param name=&quot;allowfullscreen&quot; value=&quot;true&quot; \/&gt;&lt;embed src=&quot;http:\/\/slagermuzeum.network.hu\/flash\/videoplayer\/video.swf?videoid=557805&amp;amp;pvol=40&amp;amp;plang=hu&amp;amp;host=http:\/\/slagermuzeum.network.hu&quot; width=&quot;424&quot; height=&quot;345&quot; allowscriptaccess=&quot;always&quot; allowfullscreen=&quot;true&quot; \/&gt;&lt;\/object&gt;","width":424,"height":345,"description":"Elm\u00falt m\u00e1r k\u00e9t \u00e9ve\r\n\r\nElm\u00falt m\u00e1r k\u00e9t \u00e9ve annak,hogy csizm\u00e1t h\u00faztam \u00e9n,\r\n\r\nK\u00f6nnyes \u00e9s kis\u00edrt szemekkel egy k\u00f3cos kis leg\u00e9ny.\r\n\r\nVezet\u00e9knevemen sz\u00f3ltak,kezembe g\u00e9ppisztolyt nyomtak,\r\n\r\nHogy v\u00e9djem a haz\u00e1t,kik hozz\u00e1m levelet \u00edrtak,\r\n\r\n\u00c9s \u00e9rtem k\u00f6nnyeket sz\u00f3rtak,egy kisl\u00e1ny,s j\u00f3 any\u00e1m.\r\n\r\nNem v\u00e1gtam vigy\u00e1zz-t \u00e9n eddig senkinek soha,\r\n\r\nB\u00e1mult r\u00e1m csod\u00e1lkoz\u00f3an sok l\u00e1ny ostoba.\r\n\r\nParancsra csak meneteltem,sok durva tr\u00e9f\u00e1t lenyeltem,\r\n\r\nDe tudtam,hogy tal\u00e1n,m\u00e1r nem is olyan sok\u00e1ra,\r\n\r\nBeb\u00fajok civil ruh\u00e1ba,t\u00fal a laktany\u00e1n.\r\n\r\nK\u00e9sz\u00fcl\u00f6k is a nagy \u00fatra,s lassan indulok,\r\n\r\n\u00cdg\u00e9rem  tir\u00e1tok sr\u00e1cok,j\u00f3 sz\u00edvvel gondolok.\r\n\r\nLeh\u00faztunk egy\u00fctt k\u00e9t \u00e9vet,sz\u00e9trep\u00edt minket az \u00e9let,\r\n\r\nMert otthon a hely\u00fcnk,v\u00e1r r\u00e1nk a j\u00f3 meleg t\u0171zhely,\r\n\r\nIroda,gy\u00e1r,\u00e9s a m\u0171hely,s visszav\u00e1r egy l\u00e1ny.\r\n\r\nIndul a 424-es,v\u00e1gtat a vonat,\r\n\r\n\u00c9s most a sok \u00f6reg harcos,haza l\u00e1togat.\r\n\r\nNem lesz t\u00f6bb reggeli torna,s nem lesz t\u00f6bb elcseszett \u00f3ra.\r\n\r\nNem bizony nem \u00e1m,b\u00e1natom fedjen k\u00e9t \u00e9vet,\r\n\r\nFeledj\u00fck el az eg\u00e9szet,s l\u00e9gy ism\u00e9t vid\u00e1m.\r\n","thumbnail_url":"http:\/\/vds.network.hu\/clubvideo\/5\/5\/7\/_\/557805_82604_2.jpg","thumbnail_width":80,"thumbnail_height":60,"video_id":"557805"}

Elmúlt már két éve annak - Peresztegi Gyula

Elmúlt már két éve

Elmúlt már két éve annak,hogy csizmát húztam én,

Könnyes és kisírt szemekkel egy kócos kis legény.

Vezetéknevemen szóltak,kezembe géppisztolyt nyomtak,

Hogy védjem a hazát,kik hozzám levelet írtak,

És értem könnyeket szórtak,egy kislány,s jó anyám.

Nem vágtam vigyázz-t én eddig senkinek soha,

Bámult rám csodálkozóan sok lány ostoba.

Parancsra csak meneteltem,sok durva tréfát lenyeltem,

De tudtam,hogy talán,már nem is olyan sokára,

Bebújok civil ruhába,túl a laktanyán.

Készülök is a nagy útra,s lassan indulok,

Ígérem  tirátok srácok,jó szívvel gondolok.

Lehúztunk együtt két évet,szétrepít minket az élet,

Mert otthon a helyünk,vár ránk a jó meleg tűzhely,

Iroda,gyár,és a műhely,s visszavár egy lány.

Indul a 424-es,vágtat a vonat,

És most a sok öreg harcos,haza látogat.

Nem lesz több reggeli torna,s nem lesz több elcseszett óra.

Nem bizony nem ám,bánatom fedjen két évet,

Feledjük el az egészet,s légy ismét vidám.
