{"type":"video","version":"1.0","provider_name":"Network.hu","provider_url":"http:\/\/network.hu\/","title":"Zalatnay Sarolta - Jaj a matek","author_name":"jfaterka","author_url":"http:\/\/network.hu\/jfaterka","html":"&lt;object width=&quot;424&quot; height=&quot;345&quot;&gt;&lt;param name=&quot;movie&quot; value=&quot;http:\/\/slagermuzeum.network.hu\/flash\/videoplayer\/video.swf?videoid=450920&amp;amp;pvol=40&amp;amp;plang=hu&amp;amp;host=http:\/\/slagermuzeum.network.hu&quot; \/&gt;&lt;param name=&quot;allowscriptaccess&quot; value=&quot;always&quot; \/&gt;&lt;param name=&quot;allowfullscreen&quot; value=&quot;true&quot; \/&gt;&lt;embed src=&quot;http:\/\/slagermuzeum.network.hu\/flash\/videoplayer\/video.swf?videoid=450920&amp;amp;pvol=40&amp;amp;plang=hu&amp;amp;host=http:\/\/slagermuzeum.network.hu&quot; width=&quot;424&quot; height=&quot;345&quot; allowscriptaccess=&quot;always&quot; allowfullscreen=&quot;true&quot; \/&gt;&lt;\/object&gt;","width":424,"height":345,"description":"( G\u00e9czy J\u00f3zsef  - Koll\u00e1r \u00c1gnes )\n\nZalatnay Sarolta - Jaj a matek\n\nJajj, a matek mi\u00e9rt oly neh\u00e9z nekem\noh, mennyit t\u00f6rtem m\u00e1r a szeg\u00e9ny fejem\negyenlet, tal\u00e1ny sok bet\u00fc \u00e9s sz\u00e1m\nmint sz\u00e1zezernyi k\u00f5 \u00fagy z\u00fadul le r\u00e1m.\n\nMi\u00e9rt van hogy m\u00e1sok tudj\u00e1k\na t\u00e9telt k\u00f6nyv n\u00e9lk\u00fcl f\u00fajj\u00e1k\n\u00e9s b\u00f6lcsen felelnek\nhogy ha \u00f5ket h\u00edvj\u00e1k fel.\n\nGy\u00fbr\u00f6tt ma m\u00e1r a k\u00f6nyvem\nde nem megy ez m\u00e9gse k\u00f6nnyen.\nHa s\u00fagnak nem \u00e9rtem\nnincs \u00e9rz\u00e9kem hozz\u00e1 ismerj\u00fck el.\n\n\u00dagy hiszem jobb nekem ink\u00e1bb az \u00e9nek\nmert ebb\u00f5l m\u00e1r r\u00f6gt\u00f6n mindent meg\u00e9rtek.\n\nJajj, a matek mi\u00e9rt oly neh\u00e9z nekem\noh, mennyit t\u00f6rtem m\u00e1r a szeg\u00e9ny fejem\negyenlet, tal\u00e1ny sok bet\u00fc \u00e9s sz\u00e1m\nmint sz\u00e1zezernyi k\u00f5 \u00fagy z\u00fadul le r\u00e1m.\n\nJ\u00f3 volt az \u00e9nek\u00f3r\u00e1n nem sz\u00f3lt a tan\u00e1rn\u00f5 \u00e9nr\u00e1m,\nm\u00e9g \u00f5 sem vigy\u00e1zott minden hangra \u00fagy mint \u00e9n.\nS\u00fagni ebb\u00f5l nem kellett, e tant\u00e1rgy nekem oly j\u00f3l ment\nt\u00e1n \u00e9ppen az\u00e9rt mert \u00e9nekelni mindig szerettem \u00e9n.\n\nSz\u00e1z f\u00e9le p\u00e1lya \u00e1ll nyitva el\u00f5tt\u00fcnk,\nb\u00e1rmihez kezd\u00fcnk pont az lesz bel\u00f5l\u00fcnk.\n\nJajj, a matek mi\u00e9rt oly neh\u00e9z nekem\noh, mennyit t\u00f6rtem m\u00e1r a szeg\u00e9ny fejem\ner\u00f5ltetni k\u00e1r ezt bel\u00e1tom m\u00e1r\nhogy nem is leszek \u00e9n \u00edgy matektan\u00e1r.\n\nJajj, a matek mi\u00e9rt oly neh\u00e9z nekem\noh, mennyit t\u00f6rtem m\u00e1r a szeg\u00e9ny fejem,\njajj, a matek mi\u00e9rt oly neh\u00e9z nekem\noh, mennyit t\u00f6rtem m\u00e1r a szeg\u00e9ny fejem.","thumbnail_url":"http:\/\/vds.network.hu\/clubvideo\/4\/5\/_\/450920_42668_2.jpg","thumbnail_width":80,"thumbnail_height":60,"video_id":"450920"}

( Géczy József  - Kollár Ágnes )

Zalatnay Sarolta - Jaj a matek

Jajj, a matek miért oly nehéz nekem
oh, mennyit törtem már a szegény fejem
egyenlet, talány sok betü és szám
mint százezernyi kõ úgy zúdul le rám.

Miért van hogy mások tudják
a tételt könyv nélkül fújják
és bölcsen felelnek
hogy ha õket hívják fel.

Gyûrött ma már a könyvem
de nem megy ez mégse könnyen.
Ha súgnak nem értem
nincs érzékem hozzá ismerjük el.

Úgy hiszem jobb nekem inkább az ének
mert ebbõl már rögtön mindent megértek.

Jajj, a matek miért oly nehéz nekem
oh, mennyit törtem már a szegény fejem
egyenlet, talány sok betü és szám
mint százezernyi kõ úgy zúdul le rám.

Jó volt az énekórán nem szólt a tanárnõ énrám,
még õ sem vigyázott minden hangra úgy mint én.
Súgni ebbõl nem kellett, e tantárgy nekem oly jól ment
tán éppen azért mert énekelni mindig szerettem én.

Száz féle pálya áll nyitva elõttünk,
bármihez kezdünk pont az lesz belõlünk.

Jajj, a matek miért oly nehéz nekem
oh, mennyit törtem már a szegény fejem
erõltetni kár ezt belátom már
hogy nem is leszek én így matektanár.

Jajj, a matek miért oly nehéz nekem
oh, mennyit törtem már a szegény fejem,
jajj, a matek miért oly nehéz nekem
oh, mennyit törtem már a szegény fejem.
